*l**2 + 0 - 1/20*l**5 + 1/12*l**4 + 6*l. What is g(0)?
3
Suppose 3*i - p + 16 = 0, 0 = -2*i - 0*i + 3*p - 6. Let o(g) = g**3 + 5*g**2 - 6*g + 6. What is o(i)?
6
Let t(o) be the first derivative of -o**2 - 6*o - 14. Determine t(-4).
2
Let d(s) = -3*s + 1. Suppose -1 = -2*g + 1. Let q be d(g). Let h(n) be the first derivative of n**2/2 + 3*n + 3. Give h(q).
1
Let o(x) = x**3 + 5*x**2 + 2*x - 1. Let v be 4/(-6) - (-77)/21. Let t be -2 - (v/3 + 1). What is o(t)?
7
Let h(a) = -a**3 + a**2 - a. Let y(p) = p**2 - 4*p. Let z(j) = -j**3 - 15*j**2 - 14*j + 4. Let n be z(-14). Let u be y(n). Give h(u).
0
Let h(d) = -d - 9. Let c be -3 - (-10)/4 - (-7)/14. Determine h(c).
-9
Let m(p) = 0*p + 3*p + 4*p - 12 - 5*p. Suppose 4*k + 4*l - 44 = 0, k - 23 = -3*k + 3*l. Let f be m(k). Let w(j) = j + 1. Determine w(f).
5
Let d(k) = -k**2 + 2. Let h be 4/10 + 22/(-55). Suppose h*p + 9 = -3*p. Give d(p).
-7
Let l(t) = -t**2 - 11*t + 3. Let k be l(-11). Let z(y) = -1 + 0 - k*y + y. Suppose -3*h - 12 = -0. What is z(h)?
7
Let b(p) = 1 + 0 + 4*p + 0. Suppose 2*u + 0*u = 2. Let l = u + 1. What is b(l)?
9
Suppose -2*z + 5*h - 26 = 0, 3*z - h - 11 = -6*h. Let s be (-12 - z)/((-6)/(-4)). Let q(w) = -w**3 - 7*w**2 - 8*w - 6. Give q(s).
6
Suppose -2*x = 2*x + 4*v - 20, x + 4*v = 20. Let s(q) = q + 1. Determine s(x).
1
Let w = 6 - 8. Let j(o) = -2*o - 2. Let u(f) = -2*f - 1. Let h(x) = w*j(x) + 3*u(x). Give h(1).
-1
Let i = 5 + -2. Suppose 2*f + 11 = i. Let g(w) = -3*w - 5. What is g(f)?
7
Let d(x) = 4*x**3 + 7*x**2 - x + 2. Let r(k) = 7*k**3 + 14*k**2 - k + 4. Let i(h) = -5*d(h) + 3*r(h). Determine i(-7).
-12
Suppose 13 - 19 = -2*q. Let o(j) = j**3 - 4*j**2 + 2*j - 4. What is o(q)?
-7
Let n(s) = 3*s**2 + 6*s + s - s**3 - s - 4. Suppose 18 - 10 = 2*v. Determine n(v).
4
Let n(r) = -r**2 - 3*r + 1. Let a be 4 - ((-40)/(-5))/4. Suppose -5*c = 4*h - 38, -5*h + 1 + 9 = 0. Let g = a - c. Calculate n(g).
-3
Let g = 6 + -5. Let s = 20 + g. Suppose 0*w = -w + 5*x - s, -3 = -2*w + x. Let f(k) = 2*k - 5. Calculate f(w).
3
Let j(g) = -2*g**2 - 7*g + 3. Let f(x) = 5*x**2 + 14*x - 5. Let t(y) = -3*f(y) - 7*j(y). Give t(4).
6
Let a(p) be the first derivative of -p**2/2 - 2*p + 18. Let y be 18/4 - (-2)/4. What is a(y)?
-7
Suppose 3*r - 23 = -2*t, 4*t - 2*r = 3*r + 13. Suppose -2*b + t*b = 10. Let y(z) = 0 - 1 - 3*z + 0 + b*z. Give y(-5).
4
Let f = 14 + -10. Let l(y) = -f + y + 4. Calculate l(-2).
-2
Let m = 8 - 13. Let i = -7 - m. Let t(p) = 4*p + 1. Calculate t(i).
-7
Let j(b) be the first derivative of 1/6*b**3 + 0*b**4 + 1/2*b**2 + b + 1/20*b**5 + 2. Let s(a) be the first derivative of j(a). Give s(0).
1
Let w(l) = -l**3 + l**2 - l - 1. Let a(s) = 4*s**3 + 6. Let v(q) = a(q) + 3*w(q). Let t be v(-4). Let z(r) = 5*r**2 + r + 1. Calculate z(t).
5
Let d be (-15)/1*(-4)/6. Let q be ((-6)/5)/(d/(-25)). Let t(b) be the first derivative of -b**2 + b - 1. Give t(q).
-5
Let m(v) be the second derivative of v**5/20 + v**4/3 - v**2/2 - 18*v. Calculate m(-3).
8
Let p(t) = 3*t**2 - 21*t + 35. Let o(i) = i**2 - 7*i + 12. Let r(a) = -8*o(a) + 3*p(a). Suppose -5*f = -0*x - 2*x - 24, 5*x = 15. Give r(f).
3
Let o(p) = -p**2 + 5*p + 6. Let s be (-4 + 3)*(-2 + 2). Suppose 11 = 4*l - 2*b - 11, 4*l - 5*b - 25 = s. Determine o(l).
6
Let j(w) = 2*w**2 + w. Let x be 1*-2*(-1)/2. Suppose x = -3*m + 2*m. Let h = m - -2. Calculate j(h).
3
Let g(x) = 3*x. Suppose -3*k + 4*n - 2 = 9, -3*k - 5*n + 34 = 0. Suppose -k*r + 15 = -0*r. Suppose -4*p + 0*p = 3*u - 1, 2*u - 3 = -r*p. Calculate g(u).
-3
Let t be 3/(3/(-2)) + -1. Let p(v) be the third derivative of v**5/120 + v**4/24 + v**3/6 + 2*v**2. Let y(h) be the first derivative of p(h). What is y(t)?
-2
Let h(v) = -11*v + 3. Let q(a) = -22*a + 7. Let m(t) = -5*h(t) + 2*q(t). Calculate m(-1).
-12
Let q(g) = g**2 + g - 1. Let d(x) = -6*x**2 - 8*x + 7. Let h(j) = -d(j) - 4*q(j). Determine h(2).
13
Let v(n) = n**2 - 8*n + 2. Suppose -4*l + 51 = -0*l + 3*h, -4*h + 4 = 0. Suppose -k + l = k. Give v(k).
-10
Let s(a) be the third derivative of -7/6*a**3 + 0*a + 0 - 1/60*a**5 - 1/24*a**4 - a**2. What is s(0)?
-7
Let x be (1*12)/3*-1. Let y(q) be the first derivative of -q**2 + 1 + 2*q + 1/4*q**4 + q**3. Determine y(x).
-6
Let w = 1 + -2. Let z(t) = t**2 + 3*t - 6. Let q be z(-5). Let v(u) = 3*u**3 - q + 0*u + 5 + 2*u**2 + 2*u. Give v(w).
-2
Let q(r) = -2*r - 11. Let h(g) = -g**2 - 12*g + 5. Let w be h(-13). Give q(w).
5
Let b be (-21)/18*12/112*-2. Let w(y) be the second derivative of 2*y + 0 + 2/3*y**3 - 3/2*y**2 + b*y**4 - 1/20*y**5. Give w(4).
-3
Let y(u) = 2*u - 7. Let d be y(5). Let t(x) = -4*x + 6. Let i(m) = -m + 1. Let p(n) = -5*i(n) + t(n). Determine p(d).
4
Let i(n) = -n**3 - 9*n**2 + n + 13. Let s be i(-9). Let f(w) = 8*w - 2*w - w**2 + 0*w - 5. What is f(s)?
3
Let s(o) = o**2 - o - 1. Let m(y) = y**3 - 5*y**2 + 3*y - 2. Let c(p) = -m(p) - 4*s(p). Let w be c(0). Let x(h) = -h**2 + 6*h + 1. Determine x(w).
1
Suppose 0 = -3*m + a + 5 + 7, 0 = 3*m - 5*a - 24. Let t = -2 + m. Let w(j) = -5*j**2 - 2*j + 1. Calculate w(t).
-6
Let v(z) be the third derivative of -z**5/12 + z**4/6 - z**3/2 - 13*z**2. Give v(2).
-15
Let r be (-1 - (-1 - 0))/1. Let d(s) be the first derivative of -s**4/4 + s**3/3 + 2*s - 4. Let f(x) = x**3 - x**2 - 2. Let b(q) = 5*d(q) + 4*f(q). Give b(r).
2
Let d = 16 + -10. Let l(a) be the first derivative of d*a + 2 - 1/2*a**2. What is l(0)?
6
Let g(c) = -5*c + 19. Let w be g(5). Let z(u) = -u**2 - 7*u - 4. Give z(w).
2
Suppose 3*j - 5*o + 29 + 0 = 0, -o = 4*j + 8. Let y = -1 + j. Let d(v) = -v**2 - 3*v - 2. Calculate d(y).
-6
Let d(c) be the third derivative of -c**6/40 + c**5/15 - c**4/8 + c**3/3 + 12*c**2. What is d(2)?
-12
Let r = -2 - 3. Let f(k) = k**2 + 7*k + 4. What is f(r)?
-6
Suppose m - 1 + 7 = 0. Let t = 1 + m. Let l(p) = -p**3 - 4*p**2 + 7*p + 1. Determine l(t).
-9
Let u(o) be the first derivative of o**6/120 + o**5/30 - o**4/6 - 3*o**2/2 - 1. Let t(q) be the second derivative of u(q). Let l = 7 - 10. Determine t(l).
3
Let q(r) = 3*r**3 - 1. Suppose -4 + 7 = 3*x. What is q(x)?
2
Let w be (-4)/(2 - 16/6). Let v(l) = -l**2 + 7*l - 4. Give v(w).
2
Let r be (-4)/((-4)/3) + -2. Let f be (-1 - 1)/((-2)/r). Let g(s) = 1 - s + 5*s - f. Give g(-2).
-8
Let y(q) = q - 2. Suppose 5*x - 14 = 2*a, -4*a + 14 = 4*x - 14. Suppose -a*o - 4 = -4*o. Suppose -2*s + o*s = 0. Calculate y(s).
-2
Let u(t) = 1 - 3*t**3 - 5*t**2 + 5*t**2 - 2*t**2. Let s be 2/(-1) - -5 - 2. Give u(s).
-4
Let k(f) = f + 1. Let c(p) = -p**2 - 4*p - 1. Let b(x) = -c(x) + 3*k(x). Let h = -1 + -6. Calculate b(h).
4
Let x be ((-2)/2 + 2)*-1. Let m(u) = u**3 - u**2 - 2*u - 1. What is m(x)?
-1
Let b be (-3)/(-9)*3*1. Suppose 0 = 4*p + b + 3. Let s(n) = n**3 + 2*n**2 + 2*n + 1. Determine s(p).
0
Let d(y) be the first derivative of -y + 3/2*y**2 - y**3 + 1/12*y**4 - 2. Let b(c) be the first derivative of d(c). Calculate b(4).
-5
Let k(q) be the second derivative of -q**3/3 + q**2/2 + 3*q. What is k(6)?
-11
Let t(u) = -4*u - 3. Suppose 0 = -r, 5*d = 3*d - 2*r + 12. Let a be 4/((-4)/(-3)) - d. Determine t(a).
9
Let o(w) = -2*w - 244 + 3*w + 246. Give o(6).
8
Let z(m) be the third derivative of -m**5/60 - m**4/12 + m**3/6 - m**2. Suppose 7*o + 15 = 2*o. Let s be -2*o/(-6)*-1. Determine z(s).
-2
Let c be ((-60)/24)/(1/(-2)). Let a(l) = -l**2 + 5*l - 1. Determine a(c).
-1
Let v(z) = -z**3 + 4*z**2 + 5*z + 1. Let g = -1 + 3. Suppose 2*w = 2*s, 2*w = 7*s - g*s - 15. Determine v(s).
1
Let q = 5 + -2. Let z(v) = v**2 - 3*v - 3. Calculate z(q).
-3
Let a be (-2)/(-9) - (-2)/(-9). Suppose 3*f + 2*f - 10 = a. Let g(c) = -8 + 4*c - 5*c + 3 + f*c. Determine g(0).
-5
Let l(s) be the third derivative of -s**6/120 + s**5/30 - s**4/12 - s**3/3 + 15*s**2. Give l(2).
-6
Let c(i) be the first derivative of -i**4/4 - i**2/2 - 2*i + 2. Let q be c(0). Let r(z) = -z**2 + 3*z**2 - z**2 + 2*z. Give r(q).
0
Let i be ((-8)/(-18))/((-14)/(-63)). Suppose h = 6*q - q, 3*h - i*q - 13 = 0. Let v(g) = -g**2 + 2*g + 1. Determine v(h).
-14
Suppose 2*d + 4 = -2*d. Let j(v) = -9*v - 1. Let u(z) = -z. Let i(w) = j(w) + 4*u(w). Calculate i(d).
12
Let l(i) = -i. Let z be l(-2). Let v(s) = -4*s + z + s + s. Determine v(-2).
6
Let z be -3*(2*1)/(-2). Let j(d) = -5*d**3 - 8*d**2 + 3*d - 2. Let t(i) = -6*i**3 - 9*i**2 + 4*i - 3. Let f(q) = 7*j